igit of 536281?
5
What is the millions digit of 2047111?
2
What is the millions digit of 4861293?
4
What is the millions digit of 9502511?
9
What is the tens digit of 299727?
2
What is the ten thousands digit of 48509?
4
What is the units digit of 221095?
5
What is the thousands digit of 600346?
0
What is the hundreds digit of 3181481?
4
What is the tens digit of 22653238?
3
What is the tens digit of 89924?
2
What is the hundred thousands digit of 6883807?
8
What is the units digit of 218775?
5
What is the hundreds digit of 5946529?
5
What is the thousands digit of 590091?
0
What is the hundred thousands digit of 131786?
1
What is the millions digit of 1023361?
1
What is the hundreds digit of 2438904?
9
What is the tens digit of 9527388?
8
What is the thousands digit of 5800184?
0
What is the hundred thousands digit of 958505?
9
What is the ten thousands digit of 605347?
0
What is the units digit of 999242?
2
What is the hundred thousands digit of 5221859?
2
What is the thousands digit of 5049879?
9
What is the ten thousands digit of 74496?
7
What is the hundred thousands digit of 553320?
5
What is the tens digit of 1678851?
5
What is the hundred thousands digit of 154975?
1
What is the hundred thousands digit of 921251?
9
What is the ten thousands digit of 800641?
0
What is the units digit of 3855994?
4
What is the thousands digit of 694990?
4
What is the hundred thousands digit of 176061?
1
What is the thousands digit of 49268?
9
What is the thousands digit of 1188462?
8
What is the tens digit of 2155683?
8
What is the ten thousands digit of 1246337?
4
What is the thousands digit of 7041948?
1
What is the tens digit of 2003819?
1
What is the thousands digit of 2600619?
0
What is the ten thousands digit of 4568357?
6
What is the thousands digit of 921068?
1
What is the units digit of 197344?
4
What is the hundreds digit of 605810?
8
What is the tens digit of 59746?
4
What is the units digit of 7568000?
0
What is the ten thousands digit of 366304?
6
What is the units digit of 357324?
4
What is the ten thousands digit of 832771?
3
What is the hundreds digit of 156887?
8
What is the hundreds digit of 764601?
6
What is the hundreds digit of 475230?
2
What is the units digit of 7519292?
2
What is the tens digit of 613103?
0
What is the thousands digit of 719231?
9
What is the millions digit of 20940450?
0
What is the ten thousands digit of 29707867?
0
What is the ten thousands digit of 253545?
5
What is the ten thousands digit of 165971?
6
What is the units digit of 249565?
5
What is the hundreds digit of 1410647?
6
What is the units digit of 178511?
1
What is the tens digit of 856368?
6
What is the ten thousands digit of 105741?
0
What is the hundreds digit of 807860?
8
What is the millions digit of 5451082?
5
What is the units digit of 1849526?
6
What is the tens digit of 14280760?
6
What is the tens digit of 10204172?
7
What is the thousands digit of 478705?
8
What is the tens digit of 859549?
4
What is the units digit of 5482501?
1
What is the ten thousands digit of 40795?
4
What is the hundreds digit of 248715?
7
What is the hundred thousands digit of 3270117?
2
What is the hundred thousands digit of 242590?
2
What is the hundreds digit of 3449895?
8
What is the tens digit of 894133?
3
What is the ten thousands digit of 3034762?
3
What is the hundreds digit of 483046?
0
What is the units digit of 327528?
8
What is the millions digit of 7974449?
7
What is the thousands digit of 43323?
3
What is the thousands digit of 23436996?
6
What is the hundreds digit of 276311?
3
What is the hundred thousands digit of 545770?
5
What is the hundred thousands digit of 343762?
3
What is the tens digit of 849003?
0
What is the thousands digit of 3437883?
7
What is the units digit of 274409?
9
What is the hundreds digit of 16683747?
7
What is the hundreds digit of 306885?
8
What is the hundred thousands digit of 838868?
8
What is the thousands digit of 98349?
8
What is the hundreds digit of 1728161?
1
What is the millions digit of 3004346?
3
What is the tens digit of 1651195?
9
What is the thousands digit of 125439?
5
What is the thousands digit of 771546?
1
What is the ten thousands digit of 241609?
4
What is the hundred thousands digit of 103486?
1
What is the ten thousands digit of 4443320?
4
What is the thousands digit of 1208490?
8
What is the millions digit of 3799295?
3
What is the units digit of 4846623?
3
What is the millions digit of 1538669?
1
What is the tens digit of 2304844?
4
What is the tens digit of 150246?
4
What is the millions digit of 1339891?
1
What is the hundred thousands digit of 797958?
7
What is the ten thousands digit of 93072?
9
What is the ten thousands digit of 19446860?
4
What is the millions digit of 12862006?
2
What is the hundred thousands digit of 10761327?
7
What is the ten thousands digit of 16334058?
3
What is the units digit of 87580?
0
What is the millions digit of 1124692?
1
What is the hundred thousands digit of 6682742?
6
What is the tens digit of 3514032?
3
What is the ten thousands digit of 12762197?
6
What is the hundred thousands digit of 5449713?
4
What is the tens digit of 263012?
1
What is the units digit of 266598?
8
What is the hundred thousands digit of 21791469?
7
What is the tens digit of 6198161?
6
What is the millions digit of 4229970?
4
What is the hundreds digit of 11771489?
4
What is the thousands digit of 384282?
4
What is the units digit of 1894427?
7
What is the units digit of 4545231?
1
What is the hundreds digit of 137589?
5
What is the thousands digit of 101156?
1
What is the millions digit of 12083081?
2
What is the ten thousands digit of 196710?
9
What is the tens digit of 495020?
2
What is the millions digit of 1755275?
1
What is the hundred thousands digit of 1683792?
6
What is the hundred thousands digit of 13193916?
1
What is the tens digit of 718537?
3
What is the thousands digit of 426071?
6
What is the ten millions digit of 30875679?
3
What is the thousands digit of 566595?
6
What is the hundreds digit of 18731237?
2
What is the hundred thousands digit of 488436?
4
What is the tens digit of 371415?
1
What is the ten thousands digit of 12233?
1
What is the tens digit of 5016537?
3
What is the ten thousands digit of 9787563?
8
What is the hundred thousands digit of 2290072?
2
What is the hundreds digit of 39154?
1
What is the thousands digit of 123983?
3
What is the units digit of 441394?
4
What is the ten thousands digit of 304245?
0
What is the units digit of 244781?
1
What is the tens digit of 87577?
7
What is the tens digit of 17901482?
8
What is the hundreds digit of 88626?
6
What is the hundred thousands digit of 1172661?
1
What is the millions digit of 4023951?
4
What is the tens digit of 1068800?
0
What is the hundreds digit of 6643978?
9
What is the hundred thousands digit of 1685396?
6
What is the thousands digit of 2295408?
5
What is the hundred thousands digit of 663106?
6
What is the millions digit of 2375541?
2
What is the ten thousands digit of 10221513?
2
What is the ten thousands digit of 474798?
7
What is the units digit of 95010?
0
What is the ten thousands digit of 586656?
8
What is the hundred thousands digit of 9536551?
5
What is the ten thousands digit of 143380?
4
What is the units digit of 223599?
9
What is the hundreds digit of 827408?
4
What is the tens digit of 2660079?
7
What is the hundreds digit of 873597?
5
What is the units digit of 10145699?
9
What is the hundred thousands digit of 388795?
3
What is the hundreds digit of 30539447?
4
What is the tens digit of 202221?
2
What is the hundreds digit of 12588654?
6
What is the tens digit of 41505?
0
What is the hundreds digit of 321767?
7
What is the ten thousands digit of 3657130?
5
What is the ten thousands digit of 11269339?
6
What is the tens digit of 129399?
9
What is the units digit of 23964?
4
What is the ten thousands digit of 4131131?
3
What is the hundred thousands digit of 372795?
3
What is the thousands digit of 205837?
5
What is the tens digit of 443281?
8
What is the hundred thousands digit of 17586859?
5
What is the units digit of 46963?
3
What is the ten thousands digit of 488877?
8
What is the units digit of 189861?
1
What is the ten millions digit of 25533729?
2
What is the tens digit of